?
49
Calculate the remainder when 1278578 is divided by 615.
608
What is the remainder when 3598 is divided by 891?
34
Calculate the remainder when 128191 is divided by 14.
7
What is the remainder when 4688 is divided by 260?
8
What is the remainder when 1399 is divided by 19?
12
Calculate the remainder when 130052 is divided by 77.
76
What is the remainder when 15346 is divided by 404?
398
What is the remainder when 117809 is divided by 1530?
1529
What is the remainder when 754263 is divided by 39?
3
What is the remainder when 13804 is divided by 13793?
11
What is the remainder when 155376 is divided by 18?
0
Calculate the remainder when 1701296 is divided by 60.
56
What is the remainder when 2213 is divided by 16?
5
Calculate the remainder when 6004 is divided by 13.
11
Calculate the remainder when 21838 is divided by 40.
38
What is the remainder when 5303 is divided by 359?
277
Calculate the remainder when 5500 is divided by 48.
28
What is the remainder when 14958 is divided by 535?
513
Calculate the remainder when 145809 is divided by 35.
34
What is the remainder when 872 is divided by 53?
24
What is the remainder when 5724 is divided by 1886?
66
What is the remainder when 1687698 is divided by 37?
17
Calculate the remainder when 12523 is divided by 3075.
223
What is the remainder when 113264 is divided by 37746?
26
Calculate the remainder when 150852 is divided by 267.
264
Calculate the remainder when 3738 is divided by 3694.
44
Calculate the remainder when 760 is divided by 660.
100
What is the remainder when 373674 is divided by 12885?
9
Calculate the remainder when 22742 is divided by 56.
6
What is the remainder when 75644 is divided by 37815?
14
Calculate the remainder when 44585 is divided by 89.
85
What is the remainder when 3891 is divided by 3877?
14
What is the remainder when 2633 is divided by 119?
15
What is the remainder when 71594 is divided by 573?
542
What is the remainder when 420 is divided by 21?
0
What is the remainder when 837896 is divided by 86?
84
Calculate the remainder when 87413 is divided by 5.
3
Calculate the remainder when 18006 is divided by 17967.
39
What is the remainder when 90854 is divided by 90846?
8
What is the remainder when 536 is divided by 372?
164
What is the remainder when 17836 is divided by 409?
249
What is the remainder when 26974 is divided by 173?
159
Calculate the remainder when 3079 is divided by 44.
43
Calculate the remainder when 5452 is divided by 304.
284
What is the remainder when 2373 is divided by 322?
119
Calculate the remainder when 169920 is divided by 42.
30
What is the remainder when 1477 is divided by 736?
5
Calculate the remainder when 24200 is divided by 384.
8
Calculate the remainder when 5335 is divided by 954.
565
What is the remainder when 123 is divided by 115?
8
What is the remainder when 1092641 is divided by 14?
11
What is the remainder when 6006 is divided by 163?
138
What is the remainder when 6019 is divided by 5202?
817
What is the remainder when 34415 is divided by 275?
40
Calculate the remainder when 57135 is divided by 321.
318
What is the remainder when 26971 is divided by 518?
35
What is the remainder when 2043 is divided by 523?
474
What is the remainder when 26425 is divided by 2388?
157
What is the remainder when 171611 is divided by 12257?
13
What is the remainder when 2683 is divided by 892?
7
Calculate the remainder when 2962822 is divided by 34.
28
What is the remainder when 3204 is divided by 1309?
586
What is the remainder when 6738 is divided by 3350?
38
What is the remainder when 8107 is divided by 365?
77
What is the remainder when 330781 is divided by 5803?
10
What is the remainder when 489896 is divided by 39?
17
What is the remainder when 22485 is divided by 76?
65
Calculate the remainder when 5092 is divided by 116.
104
Calculate the remainder when 10600 is divided by 61.
47
What is the remainder when 53839 is divided by 13?
6
What is the remainder when 1007034 is divided by 96?
90
What is the remainder when 328 is divided by 53?
10
What is the remainder when 749 is divided by 118?
41
Calculate the remainder when 2776 is divided by 1579.
1197
Calculate the remainder when 163250 is divided by 51.
50
What is the remainder when 28581 is divided by 2584?
157
Calculate the remainder when 11449 is divided by 109.
4
Calculate the remainder when 4650 is divided by 95.
90
What is the remainder when 33564 is divided by 3697?
291
Calculate the remainder when 24874 is divided by 12.
10
What is the remainder when 243876 is divided by 241?
225
Calculate the remainder when 32123 is divided by 155.
38
What is the remainder when 520081 is divided by 52?
29
Calculate the remainder when 13131 is divided by 632.
491
Calculate the remainder when 2085 is divided by 19.
14
Calculate the remainder when 14795 is divided by 512.
459
What is the remainder when 2465 is divided by 389?
131
What is the remainder when 7923 is divided by 872?
75
Calculate the remainder when 8913 is divided by 81.
3
Calculate the remainder when 229360 is divided by 219.
67
Calculate the remainder when 4407282 is divided by 329.
327
What is the remainder when 3022 is divided by 589?
77
Calculate the remainder when 2839 is divided by 459.
85
Calculate the remainder when 97929 is divided by 14.
13
What is the remainder when 60040 is divided by 303?
46
Calculate the remainder when 19481 is divided by 112.
105
What is the remainder when 12949 is divided by 2580?
49
Calculate the remainder when 5235997 is divided by 224.
221
What is the remainder when 109769 is divided by 14?
9
Calculate the remainder when 7988 is divided by 933.
524
Calculate the remainder when 183723 is divided by 61223.
54
What is the remainder when 41277 is divided by 149?
4
Calculate the remainder when 78687 is divided by 43.
40
Calculate the remainder when 361554 is divided by 920.
914
What is the remainder when 2441 is divided by 2394?
47
Calculate the remainder when 6293 is divided by 483.
14
What is the remainder when 2579132 is divided by 1216?
1212
What is the remainder when 515 is divided by 230?
55
Calculate the remainder when 42906 is divided by 401.
400
Calculate the remainder when 48798 is divided by 196.
190
What is the remainder when 145114 is divided by 36264?
58
What is the remainder when 21837 is divided by 10902?
33
What is the remainder when 4604 is divided by 1437?
293
What is the remainder when 863124 is divided by 66392?
28
What is the remainder when 182809 is divided by 1828?
9
What is the remainder when 128815 is divided by 332?
331
What is the remainder when 83123 is divided by 7?
5
What is the remainder when 211 is divided by 156?
55
Calculate the remainder when 9519 is divided by 983.
672
Calculate the remainder when 519464 is divided by 14.
8
What is the remainder when 139413 is divided by 139413?
0
Calculate the remainder when 27209 is divided by 713.
115
What is the remainder when 13751 is divided by 1959?
38
Calculate the remainder when 518009 is divided by 122.
119
Calculate the remainder when 4902 is divided by 115.
72
What is the remainder when 7085 is divided by 1636?
541
What is the remainder when 2474 is divided by 258?
152
What is the remainder when 2798 is divided by 407?
356
Calculate the remainder when 1129 is divided by 79.
23
Calculate the remainder when 66008 is divided by 317.
72
Calculate the remainder when 916359 is divided by 152726.
3
What is the remainder when 73317 is divided by 33?
24
What is the remainder when 1045304 is divided by 348433?
5
What is the remainder when 33490 is divided by 87?
82
Calculate the remainder when 11212 is divided by 37.
1
What is the remainder when 171299 is divided by 173?
29
Calculate the remainder when 5841 is divided by 127.
126
What is the remainder when 5462 is divided by 237?
11
Calculate the remainder when 13988 is divided by 737.
722
What is the remainder when 53947 is divided by 60?
7
What is the remainder when 379226 is divided by 1453?
1446
What is the remainder when 9572 is divided by 9562?
10
Calculate the remainder when 6788 is divided by 151.
144
What is the remainder when 17689 is divided by 8699?
291
What is the remainder when 4454 is divided by 2209?
36
Calculate the remainder when 3006 is divided by 193.
111
Calculate the r